{"id":120,"date":"2024-01-07T17:47:08","date_gmt":"2024-01-07T16:47:08","guid":{"rendered":"https:\/\/madifferenceestmaforce.be\/?page_id=120"},"modified":"2026-03-24T20:39:40","modified_gmt":"2026-03-24T19:39:40","slug":"nous-soutenir-nos-sponsors","status":"publish","type":"page","link":"https:\/\/madifferenceestmaforce.be\/index.php\/nous-soutenir-nos-sponsors\/","title":{"rendered":"Nous soutenir &#8211; Nos sponsors et partenaires"},"content":{"rendered":"\n<p>Si vous voulez nous soutenir afin de donner plus de poids et de cr\u00e9dibilit\u00e9 \u00e0 nos actions mais \u00e9galement afin de nous aider \u00e0 faire face \u00e0 nos diff\u00e9rents  frais, deux possibilit\u00e9s s&#8217;offrent \u00e0 vous : <\/p>\n\n\n\n<p>Soit <strong>devenir membre adh\u00e9rent<\/strong> de notre ASBL en versant une cotisation annuelle de 25 euros (renouvelable ou non chaque ann\u00e9e) sur le compte de l&#8217;ASBL <strong>BE25 0689 4979 0782<\/strong> avec comme <strong>communication : cotisation annuelle + ann\u00e9e + nom et pr\u00e9nom.<\/strong> Etre membre adh\u00e9rent vous permet d&#8217;assister (sans obligation) \u00e0 l&#8217;assembl\u00e9e g\u00e9n\u00e9rale annuelle de l&#8217;ASBL (sans droit de vote). Notez enfin que le montant de la cotisation annuelle est fix\u00e9 par l&#8217;organe d&#8217;administration de l&#8217;ASBL et qu&#8217;\u00e0 ce titre, celui-ci se r\u00e9serve le droit de changer le montant de la cotisation en fonction des besoins de l&#8217;association.<\/p>\n\n\n\n<p>Soit <strong>faire un don libre<\/strong> sur le compte de l&#8217;ASBL <strong>BE25 0689 4979 0782<\/strong> avec comme <strong>communication : don + nom et pr\u00e9nom.<\/strong> Notez que faire un don ne vous permet pas d&#8217;assister \u00e0 l&#8217;assembl\u00e9e g\u00e9n\u00e9rale annuelle de l&#8217;ASBL. De plus n&#8217;\u00e9tant pas agr\u00e9\u00e9e et reconnue par un organisme officiel, l&#8217;ASBL ne peut vous fournir une attestation de d\u00e9fiscalisation de don.<\/p>\n\n\n\n<p>Lorsque vous choisissez de devenir membre adh\u00e9rent ou de faire un don, nous vous demandons de nous envoyer un mail (voir rubrique Nous contacter). Votre adresse mail nous permettra de vous tenir au courant de nos \u00e9v\u00e9nements \/ actions ou de vous contacter si besoin.<\/p>\n\n\n\n<p>Nous vous remercions d&#8217;avance pour votre soutien et votre aide dans nos actions et nos combats. <\/p>\n\n\n\n<p><strong>Nos sponsors et partenaires <\/strong><\/p>\n\n\n\n<figure class=\"wp-block-image size-large is-resized\"><img loading=\"lazy\" decoding=\"async\" width=\"1024\" height=\"598\" src=\"https:\/\/madifferenceestmaforce.be\/wp-content\/uploads\/2025\/08\/ENCART_70x120_01-1024x598.jpg\" alt=\"\" class=\"wp-image-190\" style=\"width:506px;height:auto\" srcset=\"https:\/\/madifferenceestmaforce.be\/wp-content\/uploads\/2025\/08\/ENCART_70x120_01-1024x598.jpg 1024w, https:\/\/madifferenceestmaforce.be\/wp-content\/uploads\/2025\/08\/ENCART_70x120_01-300x175.jpg 300w, https:\/\/madifferenceestmaforce.be\/wp-content\/uploads\/2025\/08\/ENCART_70x120_01-768x448.jpg 768w, https:\/\/madifferenceestmaforce.be\/wp-content\/uploads\/2025\/08\/ENCART_70x120_01-1200x700.jpg 1200w, https:\/\/madifferenceestmaforce.be\/wp-content\/uploads\/2025\/08\/ENCART_70x120_01.jpg 1417w\" sizes=\"auto, (max-width: 1024px) 100vw, 1024px\" \/><\/figure>\n\n\n\n<figure class=\"wp-block-gallery has-nested-images columns-default is-cropped wp-block-gallery-1 is-layout-flex wp-block-gallery-is-layout-flex\">\n<figure class=\"wp-block-image size-large\"><img loading=\"lazy\" decoding=\"async\" width=\"1024\" height=\"513\" data-id=\"223\" src=\"https:\/\/madifferenceestmaforce.be\/wp-content\/uploads\/2025\/09\/logo-Anne-1024x513.jpg\" alt=\"\" class=\"wp-image-223\" srcset=\"https:\/\/madifferenceestmaforce.be\/wp-content\/uploads\/2025\/09\/logo-Anne-1024x513.jpg 1024w, https:\/\/madifferenceestmaforce.be\/wp-content\/uploads\/2025\/09\/logo-Anne-300x150.jpg 300w, https:\/\/madifferenceestmaforce.be\/wp-content\/uploads\/2025\/09\/logo-Anne-768x385.jpg 768w, https:\/\/madifferenceestmaforce.be\/wp-content\/uploads\/2025\/09\/logo-Anne-1536x769.jpg 1536w, https:\/\/madifferenceestmaforce.be\/wp-content\/uploads\/2025\/09\/logo-Anne-1200x601.jpg 1200w, https:\/\/madifferenceestmaforce.be\/wp-content\/uploads\/2025\/09\/logo-Anne-1980x991.jpg 1980w, https:\/\/madifferenceestmaforce.be\/wp-content\/uploads\/2025\/09\/logo-Anne.jpg 2009w\" sizes=\"auto, (max-width: 1024px) 100vw, 1024px\" \/><\/figure>\n<\/figure>\n\n\n\n<figure class=\"wp-block-image size-large\"><img loading=\"lazy\" decoding=\"async\" width=\"1024\" height=\"466\" src=\"https:\/\/madifferenceestmaforce.be\/wp-content\/uploads\/2025\/09\/Logo-ING-1024x466.jpg\" alt=\"\" class=\"wp-image-227\" srcset=\"https:\/\/madifferenceestmaforce.be\/wp-content\/uploads\/2025\/09\/Logo-ING-1024x466.jpg 1024w, https:\/\/madifferenceestmaforce.be\/wp-content\/uploads\/2025\/09\/Logo-ING-300x137.jpg 300w, https:\/\/madifferenceestmaforce.be\/wp-content\/uploads\/2025\/09\/Logo-ING-768x350.jpg 768w, https:\/\/madifferenceestmaforce.be\/wp-content\/uploads\/2025\/09\/Logo-ING-1536x699.jpg 1536w, https:\/\/madifferenceestmaforce.be\/wp-content\/uploads\/2025\/09\/Logo-ING-1200x546.jpg 1200w, https:\/\/madifferenceestmaforce.be\/wp-content\/uploads\/2025\/09\/Logo-ING.jpg 1658w\" sizes=\"auto, (max-width: 1024px) 100vw, 1024px\" \/><\/figure>\n\n\n\n<figure class=\"wp-block-image size-large is-resized\"><img loading=\"lazy\" decoding=\"async\" width=\"853\" height=\"1024\" src=\"https:\/\/madifferenceestmaforce.be\/wp-content\/uploads\/2025\/09\/Logo-Adeline-853x1024.jpeg\" alt=\"\" class=\"wp-image-231\" style=\"width:344px;height:auto\" srcset=\"https:\/\/madifferenceestmaforce.be\/wp-content\/uploads\/2025\/09\/Logo-Adeline-853x1024.jpeg 853w, https:\/\/madifferenceestmaforce.be\/wp-content\/uploads\/2025\/09\/Logo-Adeline-250x300.jpeg 250w, https:\/\/madifferenceestmaforce.be\/wp-content\/uploads\/2025\/09\/Logo-Adeline-768x922.jpeg 768w, https:\/\/madifferenceestmaforce.be\/wp-content\/uploads\/2025\/09\/Logo-Adeline-1280x1536.jpeg 1280w, https:\/\/madifferenceestmaforce.be\/wp-content\/uploads\/2025\/09\/Logo-Adeline-1707x2048.jpeg 1707w, https:\/\/madifferenceestmaforce.be\/wp-content\/uploads\/2025\/09\/Logo-Adeline-1200x1440.jpeg 1200w, https:\/\/madifferenceestmaforce.be\/wp-content\/uploads\/2025\/09\/Logo-Adeline-1980x2376.jpeg 1980w\" sizes=\"auto, (max-width: 853px) 100vw, 853px\" \/><\/figure>\n\n\n\n<figure class=\"wp-block-image size-full is-resized\"><img loading=\"lazy\" decoding=\"async\" width=\"823\" height=\"823\" src=\"https:\/\/madifferenceestmaforce.be\/wp-content\/uploads\/2025\/09\/logo-sans-soucis-1.png\" alt=\"\" class=\"wp-image-233\" style=\"width:386px;height:auto\" srcset=\"https:\/\/madifferenceestmaforce.be\/wp-content\/uploads\/2025\/09\/logo-sans-soucis-1.png 823w, https:\/\/madifferenceestmaforce.be\/wp-content\/uploads\/2025\/09\/logo-sans-soucis-1-300x300.png 300w, https:\/\/madifferenceestmaforce.be\/wp-content\/uploads\/2025\/09\/logo-sans-soucis-1-150x150.png 150w, https:\/\/madifferenceestmaforce.be\/wp-content\/uploads\/2025\/09\/logo-sans-soucis-1-768x768.png 768w\" sizes=\"auto, (max-width: 823px) 100vw, 823px\" \/><\/figure>\n\n\n\n<figure class=\"wp-block-image size-large is-resized\"><img loading=\"lazy\" decoding=\"async\" width=\"1024\" height=\"486\" src=\"https:\/\/madifferenceestmaforce.be\/wp-content\/uploads\/2025\/10\/Logo-Belfius-1024x486.jpg\" alt=\"\" class=\"wp-image-236\" style=\"width:468px;height:auto\" srcset=\"https:\/\/madifferenceestmaforce.be\/wp-content\/uploads\/2025\/10\/Logo-Belfius-1024x486.jpg 1024w, https:\/\/madifferenceestmaforce.be\/wp-content\/uploads\/2025\/10\/Logo-Belfius-300x142.jpg 300w, https:\/\/madifferenceestmaforce.be\/wp-content\/uploads\/2025\/10\/Logo-Belfius-768x365.jpg 768w, https:\/\/madifferenceestmaforce.be\/wp-content\/uploads\/2025\/10\/Logo-Belfius-1200x570.jpg 1200w, https:\/\/madifferenceestmaforce.be\/wp-content\/uploads\/2025\/10\/Logo-Belfius.jpg 1394w\" sizes=\"auto, (max-width: 1024px) 100vw, 1024px\" \/><\/figure>\n\n\n\n<figure class=\"wp-block-image size-large is-resized\"><img loading=\"lazy\" decoding=\"async\" width=\"1024\" height=\"636\" src=\"https:\/\/madifferenceestmaforce.be\/wp-content\/uploads\/2025\/10\/Logo-Pascal-Mauroy-1024x636.jpg\" alt=\"\" class=\"wp-image-238\" style=\"width:395px;height:auto\" srcset=\"https:\/\/madifferenceestmaforce.be\/wp-content\/uploads\/2025\/10\/Logo-Pascal-Mauroy-1024x636.jpg 1024w, https:\/\/madifferenceestmaforce.be\/wp-content\/uploads\/2025\/10\/Logo-Pascal-Mauroy-300x186.jpg 300w, https:\/\/madifferenceestmaforce.be\/wp-content\/uploads\/2025\/10\/Logo-Pascal-Mauroy-768x477.jpg 768w, https:\/\/madifferenceestmaforce.be\/wp-content\/uploads\/2025\/10\/Logo-Pascal-Mauroy.jpg 1080w\" sizes=\"auto, (max-width: 1024px) 100vw, 1024px\" \/><\/figure>\n\n\n\n<figure class=\"wp-block-image size-large is-resized\"><img loading=\"lazy\" decoding=\"async\" width=\"874\" height=\"1024\" src=\"https:\/\/madifferenceestmaforce.be\/wp-content\/uploads\/2025\/10\/Logo-Brasserie-Dupont-874x1024.jpg\" alt=\"\" class=\"wp-image-239\" style=\"width:262px;height:auto\" srcset=\"https:\/\/madifferenceestmaforce.be\/wp-content\/uploads\/2025\/10\/Logo-Brasserie-Dupont-874x1024.jpg 874w, https:\/\/madifferenceestmaforce.be\/wp-content\/uploads\/2025\/10\/Logo-Brasserie-Dupont-256x300.jpg 256w, https:\/\/madifferenceestmaforce.be\/wp-content\/uploads\/2025\/10\/Logo-Brasserie-Dupont-768x900.jpg 768w, https:\/\/madifferenceestmaforce.be\/wp-content\/uploads\/2025\/10\/Logo-Brasserie-Dupont-1311x1536.jpg 1311w, https:\/\/madifferenceestmaforce.be\/wp-content\/uploads\/2025\/10\/Logo-Brasserie-Dupont-1748x2048.jpg 1748w, https:\/\/madifferenceestmaforce.be\/wp-content\/uploads\/2025\/10\/Logo-Brasserie-Dupont-1200x1406.jpg 1200w, https:\/\/madifferenceestmaforce.be\/wp-content\/uploads\/2025\/10\/Logo-Brasserie-Dupont.jpg 1832w\" sizes=\"auto, (max-width: 874px) 100vw, 874px\" \/><\/figure>\n\n\n\n<figure class=\"wp-block-image size-large is-resized\"><img loading=\"lazy\" decoding=\"async\" width=\"1024\" height=\"341\" src=\"https:\/\/madifferenceestmaforce.be\/wp-content\/uploads\/2025\/10\/Logo-sets-de-table-1024x341.jpg\" alt=\"\" class=\"wp-image-240\" style=\"width:456px;height:auto\" srcset=\"https:\/\/madifferenceestmaforce.be\/wp-content\/uploads\/2025\/10\/Logo-sets-de-table-1024x341.jpg 1024w, https:\/\/madifferenceestmaforce.be\/wp-content\/uploads\/2025\/10\/Logo-sets-de-table-300x100.jpg 300w, https:\/\/madifferenceestmaforce.be\/wp-content\/uploads\/2025\/10\/Logo-sets-de-table-768x256.jpg 768w, https:\/\/madifferenceestmaforce.be\/wp-content\/uploads\/2025\/10\/Logo-sets-de-table-1200x400.jpg 1200w, https:\/\/madifferenceestmaforce.be\/wp-content\/uploads\/2025\/10\/Logo-sets-de-table.jpg 1386w\" sizes=\"auto, (max-width: 1024px) 100vw, 1024px\" \/><\/figure>\n\n\n\n<figure class=\"wp-block-image size-full\"><img loading=\"lazy\" decoding=\"async\" width=\"400\" height=\"212\" src=\"https:\/\/madifferenceestmaforce.be\/wp-content\/uploads\/2025\/10\/Logo-Colruyt.jpg\" alt=\"\" class=\"wp-image-241\" srcset=\"https:\/\/madifferenceestmaforce.be\/wp-content\/uploads\/2025\/10\/Logo-Colruyt.jpg 400w, https:\/\/madifferenceestmaforce.be\/wp-content\/uploads\/2025\/10\/Logo-Colruyt-300x159.jpg 300w\" sizes=\"auto, (max-width: 400px) 100vw, 400px\" \/><\/figure>\n\n\n\n<figure class=\"wp-block-image size-large is-resized\"><img loading=\"lazy\" decoding=\"async\" width=\"1024\" height=\"981\" src=\"https:\/\/madifferenceestmaforce.be\/wp-content\/uploads\/2025\/10\/Logo-Tomis-1-1024x981.jpg\" alt=\"\" class=\"wp-image-246\" style=\"width:290px;height:auto\" srcset=\"https:\/\/madifferenceestmaforce.be\/wp-content\/uploads\/2025\/10\/Logo-Tomis-1-1024x981.jpg 1024w, https:\/\/madifferenceestmaforce.be\/wp-content\/uploads\/2025\/10\/Logo-Tomis-1-300x287.jpg 300w, https:\/\/madifferenceestmaforce.be\/wp-content\/uploads\/2025\/10\/Logo-Tomis-1-768x736.jpg 768w, https:\/\/madifferenceestmaforce.be\/wp-content\/uploads\/2025\/10\/Logo-Tomis-1-1536x1472.jpg 1536w, https:\/\/madifferenceestmaforce.be\/wp-content\/uploads\/2025\/10\/Logo-Tomis-1-1200x1150.jpg 1200w, https:\/\/madifferenceestmaforce.be\/wp-content\/uploads\/2025\/10\/Logo-Tomis-1.jpg 1869w\" sizes=\"auto, (max-width: 1024px) 100vw, 1024px\" \/><\/figure>\n","protected":false},"excerpt":{"rendered":"<p>Si vous voulez nous soutenir afin de donner plus de poids et de cr\u00e9dibilit\u00e9 \u00e0 nos actions mais \u00e9galement afin de nous aider \u00e0 faire face \u00e0 nos diff\u00e9rents frais, deux possibilit\u00e9s s&#8217;offrent \u00e0 vous : Soit devenir membre adh\u00e9rent de notre ASBL en versant une cotisation annuelle de 25 euros (renouvelable ou non chaque [&hellip;]<\/p>\n","protected":false},"author":1,"featured_media":0,"parent":0,"menu_order":0,"comment_status":"closed","ping_status":"closed","template":"","meta":{"footnotes":""},"class_list":["post-120","page","type-page","status-publish","hentry"],"_links":{"self":[{"href":"https:\/\/madifferenceestmaforce.be\/index.php\/wp-json\/wp\/v2\/pages\/120","targetHints":{"allow":["GET"]}}],"collection":[{"href":"https:\/\/madifferenceestmaforce.be\/index.php\/wp-json\/wp\/v2\/pages"}],"about":[{"href":"https:\/\/madifferenceestmaforce.be\/index.php\/wp-json\/wp\/v2\/types\/page"}],"author":[{"embeddable":true,"href":"https:\/\/madifferenceestmaforce.be\/index.php\/wp-json\/wp\/v2\/users\/1"}],"replies":[{"embeddable":true,"href":"https:\/\/madifferenceestmaforce.be\/index.php\/wp-json\/wp\/v2\/comments?post=120"}],"version-history":[{"count":27,"href":"https:\/\/madifferenceestmaforce.be\/index.php\/wp-json\/wp\/v2\/pages\/120\/revisions"}],"predecessor-version":[{"id":305,"href":"https:\/\/madifferenceestmaforce.be\/index.php\/wp-json\/wp\/v2\/pages\/120\/revisions\/305"}],"wp:attachment":[{"href":"https:\/\/madifferenceestmaforce.be\/index.php\/wp-json\/wp\/v2\/media?parent=120"}],"curies":[{"name":"wp","href":"https:\/\/api.w.org\/{rel}","templated":true}]}}